is 46107 (base 9) in base 16?
77f2
What is 335 (base 7) in base 8?
255
What is a4 (base 16) in base 2?
10100100
207a (base 14) to base 15
19d1
Convert 1011000010 (base 2) to base 8.
1302
40667 (base 8) to base 7
100022
What is -11170 (base 11) in base 8?
-37452
-20b (base 13) to base 7
-1006
What is -2504 (base 10) in base 15?
-b1e
Convert -1011000010 (base 2) to base 7.
-2026
What is 100100111 (base 2) in base 14?
171
What is -5483 (base 9) in base 11?
-3047
What is -1015 (base 7) in base 3?
-111011
Convert 30a8 (base 12) to base 9.
7252
174 (base 11) to base 13
127
Convert 5404 (base 8) to base 7.
11136
What is -1073 (base 11) in base 16?
-583
Convert b38 (base 16) to base 10.
2872
What is -21a4 (base 11) in base 9?
-3868
Convert 12000212 (base 3) to base 6.
24552
Convert -422 (base 10) to base 3.
-120122
What is -24512 (base 9) in base 12?
-9632
19955 (base 10) to base 13
9110
Convert -1000110001010 (base 2) to base 14.
-18ca
What is -1011100010 (base 2) in base 3?
-1000100
What is 1b2 (base 13) in base 12?
222
What is 13630 (base 9) in base 10?
9261
What is 9358 (base 10) in base 11?
7038
Convert 199 (base 14) to base 6.
1311
Convert 10001111 (base 2) to base 13.
b0
What is 4066 (base 7) in base 5?
21140
Convert -13024 (base 7) to base 8.
-6570
251 (base 10) to base 3
100022
Convert -6cc6 (base 15) to base 2.
-101101001100000
Convert 17c7c (base 13) to base 7.
251214
What is 134203 (base 6) in base 5?
400403
Convert -3778 (base 9) to base 12.
-1775
What is -11310 (base 6) in base 3?
-2020020
What is 4a01 (base 14) in base 9?
18664
14342 (base 9) to base 11
7371
Convert 10635 (base 13) to base 7.
152232
Convert 1202122 (base 3) to base 15.
5ab
What is -1110111111100101 (base 2) in base 8?
-167745
What is 22823 (base 11) in base 4?
20002221
Convert 130033 (base 4) to base 6.
12211
Convert -86cc (base 13) to base 12.
-aa32
Convert 2771 (base 13) to base 16.
1625
Convert 200212010 (base 3) to base 8.
32662
What is -354 (base 7) in base 9?
-226
93a9 (base 11) to base 16
30ad
Convert -536 (base 13) to base 6.
-4042
What is -3012430 (base 5) in base 7?
-256356
What is -220021 (base 3) in base 12?
-467
aacb (base 13) to base 15
70d7
-5636 (base 9) to base 3
-12201020
What is -10002 (base 3) in base 8?
-123
-7253 (base 14) to base 10
-19673
Convert 2849 (base 16) to base 9.
15128
12323023 (base 4) to base 3
1102220111
Convert -2016 (base 10) to base 11.
-1573
What is cbb (base 15) in base 3?
10221112
1102222121 (base 3) to base 7
145600
What is -1bba (base 13) in base 8?
-10161
What is 302311 (base 4) in base 11?
2498
Convert 1016 (base 14) to base 7.
11026
-2dc (base 14) to base 4
-21022
Convert -13166 (base 7) to base 15.
-10a2
What is -321 (base 15) in base 16?
-2c2
-1366 (base 13) to base 3
-10211021
24431 (base 6) to base 7
13360
Convert 207c (base 13) to base 11.
3419
Convert -1122002 (base 3) to base 13.
-707
Convert -231100 (base 4) to base 9.
-3867
What is -1003 (base 8) in base 4?
-20003
-84 (base 12) to base 15
-6a
What is -6637 (base 9) in base 15?
-16b4
-1012323 (base 4) to base 8
-10673
What is 7a8 (base 12) in base 7?
3212
Convert 3557 (base 14) to base 11.
6a85
-42206 (base 9) to base 8
-66336
Convert 183 (base 9) to base 5.
1111
Convert -7285 (base 13) to base 6.
-201134
Convert -44c5 (base 14) to base 3.
-121100222
-57806 (base 9) to base 12
-1a396
31342 (base 5) to base 12
1269
Convert -110201 (base 3) to base 8.
-527
Convert 1444304 (base 5) to base 2.
111100111100100
What is -4ac2 (base 16) in base 13?
-8932
110000000110000 (base 2) to base 10
24624
-1025 (base 9) to base 8
-1360
Convert -3216 (base 8) to base 16.
-68e
What is -314 (base 8) in base 13?
-129
-102130 (base 5) to base 9
-4614
Convert 75544 (base 8) to base 14.
b724
Convert 113122 (base 6) to base 2.
10011000101010
-5330 (base 9) to base 4
-331023
1000010001 (base 2) to base 4
20101
Convert 354235 (base 6) to base 14.
b2d9
-74 (base 10) to base 13
-59
What is 3654 (base 8) in base 13?
b81
What is -2274 (base 10) in base 4?
-203202
Convert 35525 (base 7) to base 9.
13532
What is 202211111 (base 3) in base 7?
62164
Convert 2132 (base 7) to base 2.
1011110110
1202002020 (base 3) to base 8
103023
Convert -13044 (base 5) to base 4.
-100000
What is -57272 (base 9) in base 2?
-1001010011110111
What is -7cc (base 14) in base 15?
-6d7
Convert -110111010011 (base 2) to base 7.
-13214
2004 (base 6) to base 9
534
What is 478 (base 11) in base 14?
2c9
Convert -19516 (base 11) to base 3.
-1101100222
Convert -4522 (base 8) to base 4.
-211102
6db7 (base 14) to base 8
45345
Convert -3630 (base 11) to base 8.
-11220
17d4 (base 15) to base 7
21004
What is -402 (base 11) in base 3?
-200000
What is -1792 (base 13) in base 9?
-4717
5735 (base 13) to base 8
27664
-5737 (base 11) to base 4
-1311312
What is 17537 (base 11) in base 7?
131505
Convert 133 (base 7) to base 4.
1021
4331 (base 7) to base 15
6cb
Convert 99 (base 10) to base 11.
90
-361 (base 8) to base 14
-133
Convert -9a (base 15) to base 9.
-171
1132223 (base 4) to base 6
44015
What is -a5 (base 15) in base 2?
-10011011
Convert -11440 (base 5) to base 3.
-1012020
What is 11101001111 (base 2) in base 12?
10bb
44016 (base 7) to base 9
16060
-397 (base 10) to base 5
-3042
Convert -171 (base 16) to base 4.
-11301
What is -8070 (base 9) in base 2?
-1011100000111
Convert -1201100122 (base 3) to base 15.
-a02e
What is -140 (base 5) in base 16?
-2d
Convert 714 (base 10) to base 2.
1011001010
Convert 1687 (base 10) to base 13.
9ca
What is 100011000001011 (base 2) in base 5?
1033211
-20200212 (base 3) to base 12
-29ab
-28a (base 11) to base 8
-524
-110101111000110 (base 2) to base 9
-41755
What is 1528 (base 10) in base 11?
116a
What is 221002 (base 3) in base 16?
2a5
1d6 (base 15) to base 13
26a
What is -bd3 (base 14) in base 2?
-100100100101
What is 5154 (base 7) in base 12?
1063
What is -3023 (base 7) in base 8?
-2026
222225 (base 6) to base 2
100100011101001
What is 43055 (base 7) in base 2?
10100110110001
What is 2112421 (base 5) in base 4?
20220201
-10202 (base 5) to base 16
-2a5
Convert 122221210 (base 3) to base 8.
31441
-320314 (base 5) to base 3
-112200122
3220020 (base 4) to base 13
69ba
110021 (base 3) to base 5
2311
What is -c187 (base 15) in base 10?
-40852
Convert -1351 (base 7) to base 16.
-20e
What is 62 (base 8) in base 14?
38
Convert -104a (base 15) to base 16.
-d75
-1112010210 (base 3) to base 7
-153303
-630b (base 13) to base 14
-4dc8
What is 32371 (base 10) in base 15?
98d1
What is 8057 (base 9) in base 16?
16fc
Convert 1340113 (base 5) to base 12.
13b25
Convert 2660 (base 8) to base 11.
1104
Convert -10210001121 (base 3) to base 7.
-426625
-222 (base 11) to base 3
-100212
-a0 (base 12) to base 16
-78
312054 (base 6) to base 4
12020002
Convert -20e4 (base 16) to base 11.
-6365
2c0b (base 13) to base 6
45441
What is -c30 (base 13) in base 8?
-4023
Convert -a80 (base 11) to base 12.
-902
-542 (base 9) to base 2
-110111011
Convert 13231112 (base 4) to base 15.
954e
Convert -111276 (base 8) to base 2.
-1001001010111110
-460c (base 13) to base 9
-14414
Convert 14248 (base 12) to base 10.
27992
Convert -502 (base 13) to base 15.
-3b7
What is -110011001001110 (base 2) in base 15?
-7b60
What is 888c (base 13) in base 4?
10221210
11367 (base 10) to base 13
5235
-146 (base 11) to base 7
-333
Convert 5333 (base 7) to base 12.
1112
-224223 (base 5) to base 11
-6070
What is 101253 (base 8) in base 16?
82ab
-1010001100 (base 2) to base 12
-464
Convert 8490 (base 11) to base 6.
123555
What is 1145 (base 14) in base 3?
11010011
Convert 2454 (base 9) to base 11.
1415
10110111111 (base 2) to base 15
681
Convert 351 (base 14) to base 2.
1010010011
What is -1110111012 (base 3) in base 6?
-341135
What is -18b2 (base 16) in base 4?
-1202302
What is -65ac (base 15) in base 9?
-32480
What is -3027 (base 16) in base 3?
-121220120
-4bb9 (base 14) to base 8
-31757
What is 1838 (base 11) in base 10?
2340
What is -10110101100 (base 2) in base 9?
-1883
What is -11001101011001 (base 2) in base 10?
-13145
What is -3235 (base 6) in base 11?
-616
What is 36666 (base 9) in base 6?
305523
Convert -12102112 (base 3) to base 12.
-2358
Convert -4841 (base 10) to base 6.
-34225
What is 2433 (base 6) in base 10?
597
-15d (base 16) to base 8
-535
What 